t is the greatest common divisor of 7 and 371?
7
Calculate the highest common divisor of 12 and 24.
12
What is the highest common factor of 619 and 5?
1
What is the highest common divisor of 41496 and 7?
7
What is the greatest common factor of 11749 and 62?
31
Calculate the greatest common divisor of 325 and 13.
13
Calculate the highest common factor of 117 and 1521.
117
What is the highest common divisor of 200 and 15320?
40
Calculate the highest common factor of 2077 and 737.
67
Calculate the highest common factor of 150 and 400.
50
Calculate the greatest common divisor of 100 and 1775.
25
What is the highest common divisor of 240 and 150?
30
Calculate the highest common factor of 1264 and 16.
16
Calculate the highest common factor of 75 and 425.
25
Calculate the greatest common divisor of 205 and 656.
41
Calculate the highest common factor of 354 and 6254.
118
What is the highest common factor of 255 and 15?
15
Calculate the greatest common factor of 190 and 3515.
95
Calculate the highest common divisor of 66 and 24.
6
Calculate the highest common factor of 155 and 5.
5
Calculate the greatest common divisor of 1 and 33.
1
Calculate the greatest common divisor of 13 and 533.
13
What is the highest common factor of 343 and 14?
7
What is the greatest common factor of 440 and 11792?
88
Calculate the greatest common factor of 27 and 4509.
27
What is the greatest common factor of 1998 and 558?
18
What is the greatest common factor of 893 and 94?
47
Calculate the greatest common divisor of 150 and 34050.
150
Calculate the greatest common divisor of 7 and 1043.
7
What is the highest common divisor of 102 and 426?
6
Calculate the highest common divisor of 10189 and 46.
23
Calculate the highest common factor of 42 and 18.
6
Calculate the highest common divisor of 93 and 1271.
31
Calculate the greatest common divisor of 623 and 801.
89
What is the greatest common factor of 63 and 46557?
63
Calculate the greatest common divisor of 16627 and 13.
13
Calculate the highest common divisor of 92 and 46.
46
Calculate the greatest common divisor of 7 and 1029.
7
Calculate the highest common factor of 690 and 105.
15
What is the greatest common factor of 513 and 459?
27
What is the highest common divisor of 74 and 4?
2
Calculate the highest common factor of 34 and 1513.
17
What is the greatest common divisor of 6450 and 25?
25
What is the greatest common factor of 36 and 5058?
18
Calculate the greatest common divisor of 2212 and 280.
28
Calculate the highest common divisor of 236 and 4.
4
Calculate the greatest common factor of 143 and 117.
13
What is the greatest common factor of 27 and 52?
1
What is the greatest common factor of 1692 and 90?
18
What is the highest common divisor of 59 and 531?
59
What is the highest common divisor of 1885 and 2465?
145
What is the greatest common factor of 40 and 100?
20
Calculate the highest common divisor of 375 and 975.
75
What is the greatest common factor of 195 and 130?
65
Calculate the greatest common divisor of 184 and 64.
8
What is the highest common divisor of 12 and 244?
4
What is the highest common divisor of 44 and 2618?
22
What is the greatest common factor of 14 and 7?
7
What is the highest common divisor of 512 and 16?
16
Calculate the highest common factor of 170 and 2822.
34
What is the greatest common divisor of 19 and 76?
19
Calculate the highest common divisor of 180 and 2790.
90
Calculate the highest common divisor of 33 and 4763.
11
Calculate the highest common factor of 19 and 38.
19
What is the greatest common factor of 165 and 110?
55
What is the greatest common divisor of 7 and 371?
7
What is the highest common divisor of 147 and 13426?
49
Calculate the greatest common factor of 1131 and 957.
87
What is the highest common factor of 28 and 64?
4
Calculate the highest common divisor of 10 and 5.
5
Calculate the greatest common factor of 555 and 2109.
111
What is the greatest common divisor of 129614 and 458?
458
What is the highest common factor of 308 and 693?
77
Calculate the greatest common factor of 415 and 1743.
83
What is the greatest common divisor of 50 and 160?
10
What is the greatest common factor of 328 and 2829?
41
What is the highest common divisor of 3584 and 8?
8
Calculate the highest common factor of 5 and 335.
5
Calculate the highest common factor of 50 and 1825.
25
What is the highest common divisor of 770 and 44?
22
Calculate the highest common divisor of 27 and 351.
27
Calculate the highest common divisor of 312 and 432.
24
What is the highest common factor of 126 and 63?
63
Calculate the highest common factor of 30 and 1680.
30
Calculate the greatest common factor of 26 and 1417.
13
What is the highest common factor of 92 and 108?
4
Calculate the greatest common divisor of 9 and 1503.
9
What is the greatest common factor of 510 and 2720?
170
What is the greatest common factor of 36 and 18?
18
Calculate the greatest common factor of 380 and 160.
20
Calculate the highest common factor of 286 and 1222.
26
What is the greatest common divisor of 596 and 8?
4
What is the highest common divisor of 1712 and 32?
16
Calculate the greatest common factor of 868 and 28.
28
What is the highest common factor of 6624 and 32?
32
What is the greatest common factor of 60 and 2360?
20
Calculate the greatest common divisor of 3484 and 26.
26
What is the highest common factor of 33 and 2343?
33
What is the highest common factor of 22 and 1826?
22
Calculate the greatest common factor of 85 and 135.
5
Calculate the highest common divisor of 11 and 275.
11
What is the greatest common divisor of 567 and 21?
21
Calculate the highest common divisor of 1635 and 10.
5
Calculate the greatest common factor of 644 and 1694.
14
Calculate the greatest common divisor of 54 and 189.
27
Calculate the highest common factor of 3621 and 34.
17
What is the highest common factor of 341 and 62?
31
What is the highest common divisor of 32655 and 7?
7
What is the greatest common divisor of 160 and 10?
10
What is the highest common factor of 2936 and 8?
8
Calculate the highest common divisor of 110 and 3190.
110
Calculate the highest common factor of 2500 and 15.
5
Calculate the greatest common factor of 5 and 755.
5
Calculate the highest common factor of 16300 and 120.
20
Calculate the greatest common divisor of 605 and 55.
55
Calculate the highest common divisor of 12 and 294.
6
Calculate the greatest common factor of 1 and 749.
1
What is the highest common divisor of 2430 and 30?
30
What is the highest common divisor of 1719 and 9?
9
Calculate the highest common factor of 22 and 1133.
11
Calculate the greatest common divisor of 86 and 9202.
86
What is the greatest common divisor of 48 and 48?
48
Calculate the greatest common divisor of 247 and 3159.
13
What is the highest common divisor of 22 and 7502?
22
Calculate the greatest common divisor of 90 and 81.
9
What is the highest common divisor of 26 and 6422?
26
Calculate the highest common divisor of 116 and 14.
2
What is the greatest common factor of 21 and 9219?
21
What is the greatest common factor of 1184 and 32?
32
Calculate the greatest common divisor of 55570 and 20.
10
What is the highest common divisor of 264 and 33?
33
Calculate the highest common factor of 297 and 66.
33
Calculate the greatest common factor of 338 and 208.
26
What is the highest common divisor of 59632 and 16?
16
Calculate the highest common divisor of 442 and 650.
26
Calculate the greatest common divisor of 4558 and 53.
53
Calculate the highest common factor of 1188 and 44.
44
What is the highest common divisor of 24949 and 61?
61
Calculate the highest common factor of 40 and 104.
8
What is the greatest common divisor of 1456 and 448?
112
Calculate the greatest common factor of 5284 and 8.
4
Calculate the greatest common divisor of 20 and 5140.
20
What is the highest common divisor of 450 and 18?
18
What is the highest common divisor of 37 and 148?
37
What is the greatest common divisor of 20 and 292?
4
Calculate the greatest common divisor of 7 and 301.
7
What is the highest common divisor of 989 and 129?
43
What is the highest common divisor of 77 and 49?
7
What is the greatest common factor of 519 and 6?
3
What is the greatest common divisor of 403 and 13?
13
Calculate the highest common